n base 5?
3
-10 (base 6) to base 5
-11
What is 1 (base 6) in base 3?
1
What is 24 (base 11) in base 8?
32
Convert -11 (base 16) to base 3.
-122
100101 (base 2) to base 9
41
Convert 50 (base 8) to base 3.
1111
Convert 2 (base 14) to base 5.
2
Convert 11 (base 4) to base 16.
5
23 (base 5) to base 13
10
What is -12 (base 7) in base 4?
-21
10 (base 2) to base 12
2
-11 (base 4) to base 15
-5
-4 (base 12) to base 8
-4
What is 3 (base 5) in base 7?
3
What is 0 (base 11) in base 10?
0
Convert 28 (base 10) to base 8.
34
-3 (base 13) to base 6
-3
Convert -408 (base 9) to base 6.
-1312
What is -3 (base 9) in base 15?
-3
Convert 100100010 (base 2) to base 13.
194
-22 (base 4) to base 12
-a
Convert 13 (base 13) to base 16.
10
39 (base 13) to base 6
120
What is 3 (base 14) in base 9?
3
Convert -20 (base 3) to base 9.
-6
3 (base 4) to base 16
3
What is -22000 (base 3) in base 12?
-160
Convert 250 (base 7) to base 13.
a3
10 (base 3) to base 15
3
10 (base 2) to base 15
2
101 (base 2) to base 15
5
103 (base 4) to base 2
10011
-1 (base 12) to base 11
-1
What is 17 (base 8) in base 2?
1111
-8 (base 12) to base 7
-11
Convert -4 (base 8) to base 14.
-4
Convert -222 (base 5) to base 10.
-62
What is 24 (base 10) in base 14?
1a
111 (base 2) to base 12
7
Convert 67 (base 10) to base 15.
47
1 (base 7) to base 14
1
Convert 10 (base 10) to base 14.
a
-222 (base 6) to base 13
-68
-3 (base 11) to base 12
-3
Convert 3 (base 12) to base 13.
3
1001 (base 2) to base 16
9
Convert 257 (base 8) to base 5.
1200
-443 (base 6) to base 11
-146
What is 1 (base 12) in base 8?
1
Convert -24 (base 14) to base 9.
-35
Convert 0 (base 9) to base 8.
0
-2 (base 3) to base 6
-2
Convert -1 (base 3) to base 15.
-1
What is 8 (base 14) in base 4?
20
Convert 10 (base 5) to base 15.
5
What is -2 (base 13) in base 7?
-2
Convert -11101 (base 2) to base 8.
-35
62 (base 7) to base 8
54
Convert 15 (base 9) to base 14.
10
Convert 58 (base 10) to base 16.
3a
20 (base 16) to base 7
44
22 (base 5) to base 2
1100
-2221 (base 3) to base 4
-1033
-8 (base 16) to base 15
-8
Convert b4 (base 13) to base 14.
a7
Convert 1 (base 13) to base 9.
1
What is 15 (base 12) in base 4?
101
Convert 231 (base 4) to base 8.
55
13 (base 6) to base 12
9
86 (base 15) to base 9
150
What is 21 (base 3) in base 10?
7
-17 (base 14) to base 12
-19
What is -1000 (base 3) in base 10?
-27
-24 (base 14) to base 10
-32
What is -17 (base 8) in base 13?
-12
What is -1341 (base 5) in base 8?
-335
Convert -220 (base 4) to base 10.
-40
-2 (base 10) to base 9
-2
Convert 1011001 (base 2) to base 15.
5e
Convert -101221 (base 3) to base 4.
-10213
What is -14 (base 13) in base 4?
-101
Convert -63 (base 11) to base 5.
-234
What is -136 (base 7) in base 9?
-84
Convert -20 (base 6) to base 5.
-22
Convert d4 (base 15) to base 4.
3013
-52 (base 13) to base 12
-57
What is 1 (base 2) in base 5?
1
Convert 3 (base 7) to base 15.
3
What is 129 (base 12) in base 14?
c9
What is -20 (base 11) in base 5?
-42
Convert -13 (base 5) to base 2.
-1000
Convert -30 (base 11) to base 5.
-113
Convert -2033 (base 4) to base 16.
-8f
Convert -120 (base 5) to base 15.
-25
What is 1a (base 14) in base 3?
220
What is 40 (base 5) in base 16?
14
Convert -28 (base 9) to base 12.
-22
What is 10 (base 7) in base 10?
7
12 (base 3) to base 4
11
Convert 1414 (base 5) to base 9.
280
What is -10 (base 3) in base 13?
-3
What is -15 (base 11) in base 2?
-10000
Convert 1000 (base 3) to base 10.
27
What is 17 (base 11) in base 5?
33
What is 38 (base 14) in base 12?
42
What is -261 (base 9) in base 7?
-430
What is -23 (base 12) in base 2?
-11011
Convert -101001 (base 2) to base 15.
-2b
What is -322 (base 6) in base 11?
-101
Convert -11 (base 4) to base 2.
-101
-1 (base 16) to base 10
-1
Convert 4 (base 7) to base 6.
4
3 (base 9) to base 3
10
What is 5 (base 7) in base 13?
5
4b (base 14) to base 6
151
Convert -21 (base 4) to base 14.
-9
What is -11 (base 4) in base 15?
-5
What is -11 (base 8) in base 14?
-9
What is -2 (base 7) in base 5?
-2
Convert -2 (base 3) to base 2.
-10
What is 14 (base 6) in base 5?
20
Convert 115 (base 11) to base 9.
162
Convert 18 (base 14) to base 16.
16
What is 18 (base 11) in base 6?
31
-4 (base 11) to base 7
-4
-3 (base 10) to base 9
-3
111 (base 2) to base 4
13
What is -137 (base 16) in base 8?
-467
-50 (base 14) to base 10
-70
What is -12 (base 7) in base 11?
-9
What is -433 (base 6) in base 5?
-1130
-30 (base 9) to base 5
-102
-6 (base 16) to base 15
-6
-1222 (base 3) to base 16
-35
0 (base 4) to base 8
0
What is 121 (base 5) in base 15?
26
-2 (base 10) to base 6
-2
What is -7 (base 11) in base 13?
-7
142 (base 5) to base 16
2f
-5 (base 11) to base 5
-10
Convert -68 (base 16) to base 10.
-104
Convert 25 (base 14) to base 4.
201
-8d (base 16) to base 14
-a1
Convert 10b (base 15) to base 4.
3230
Convert 180 (base 10) to base 9.
220
Convert 3 (base 14) to base 10.
3
Convert 9 (base 12) to base 9.
10
What is -11001 (base 2) in base 14?
-1b
Convert 3 (base 12) to base 10.
3
Convert 0 (base 13) to base 8.
0
-1010100 (base 2) to base 6
-220
Convert 6 (base 16) to base 4.
12
Convert -1a (base 16) to base 10.
-26
Convert -5 (base 11) to base 14.
-5
What is -1011010 (base 2) in base 3?
-10100
-4 (base 15) to base 3
-11
101111 (base 2) to base 9
52
8 (base 15) to base 12
8
7 (base 15) to base 6
11
What is 1 (base 9) in base 12?
1
Convert 201 (base 7) to base 9.
120
What is 111 (base 4) in base 9?
23
-1a (base 14) to base 4
-120
-10 (base 9) to base 5
-14
What is 1 (base 6) in base 2?
1
What is -1 (base 6) in base 5?
-1
What is 23 (base 9) in base 6?
33
Convert 0 (base 4) to base 14.
0
What is -a0 (base 11) in base 12?
-92
57 (base 11) to base 5
222
Convert -2 (base 13) to base 5.
-2
Convert -60 (base 11) to base 8.
-102
-7 (base 9) to base 13
-7
40 (base 7) to base 14
20
Convert -100 (base 3) to base 7.
-12
Convert -11 (base 2) to base 15.
-3
What is -10 (base 3) in base 11?
-3
Convert 25 (base 16) to base 13.
2b
-5 (base 9) to base 4
-11
What is b (base 15) in base 16?
b
Convert -4 (base 10) to base 15.
-4
Convert -3 (base 5) to base 4.
-3
What is 33 (base 12) in base 8?
47
What is -12 (base 12) in base 10?
-14
-1013 (base 4) to base 12
-5b
Convert -5 (base 6) to base 4.
-11
Convert 14 (base 13) to base 8.
21
Convert -5 (base 8) to base 5.
-10
Convert 4 (base 15) to base 8.
4
Convert -14 (base 8) to base 4.
-30
Convert 1122 (base 5) to base 12.
116
Convert 19 (base 13) to base 4.
112
Convert 1a (base 13) to base 16.
17
Convert -3 (base 10) to base 11.
-3
What is -36 (base 14) in base 7?
-66
1 (base 15) to base 6
1
What is -22 (base 3) in base 15?
-8
-4 (base 8) to base 7
-4
Convert -2 (base 4) to base 8.
-2
Convert -221 (base 6) to base 11.
-78
Convert 0 (base 9) to base 13.
0
9 (base 11) to base 9
10
What is -2 (base 7) in base 10?
-2
What is d (base 14) in base 3?
111
What is 0 (base 9) in base 7?
0
What is -5 (base 7) in base 13?
-5
What is 7a (base 16) in base 13?
95
100201 (base 3) to base 14
14a
Convert -256 (base 7) to base 8.
-213
What is 31 (base 4) in base 5?
23
What is 8 (base 9) in base 13?
8
-1444 (base 6) to base 3
-112101
What is 11 (base 3) in base 14?
4
Convert 110 (base 4) to base 2.
10100
4 (base 15) to base 12
4
1002 (base 6) to base 15
e8
What is 4 (base 15) in base 8?
4
What is 10111 (base 2) in base 11?
21
What is -21 (base 6) in base 4?
-31
What is 24 (base 10) in base 8?
30
18 (base 10) to base 16
12
What is -45 (base 8) in base 5?
-122
What is 11 (base 3) in base 14?
4
0 (base 8) to base 4
0
What is 2 (base 9) in base 11?
2
What is 61 (base 7) in base 4?
223
1 (base 12) to base 3
1
-3 (base 5) to base 8
-3
Convert 16 (base 8) to base 6.
22
What is 23 (base 4) in base 2?
1011
What is -111 (base 4) in base 16?
-15
What is 1 (base 12) in base 14?
1
What is -2 (base 6) in base 13?
-2
What is 60 (base 9) in base 8?
66
Convert -13 (base 5) to base 10.
-8
What is 20 (base 16) in base 3?
1012
What is 9c (base 16) in base 4?
2130
What is -122 (base 8) in base 7?
-145
Convert 5a (base 12) to base 13.
55
-1 (base 9) to base 11
-1
Convert 1 (base 16) to base 5.
1
3 (base 8) to base 14
3
What is 7 (base 13) in base 10?
7
1 (base 14) to base 8
1
Convert -243 (base 6) to base 3.
-10200
-23 (base 4) to base 11
-10
What is 5 (base 14) in base 5?
10
66 (base 8) t